-108) - -3) + 556/9. Calculate the greatest common factor of k and g.
31
Let f be (-20)/(-4)*32/10. Let p(v) = -3*v + 64. Let x be p(16). What is the greatest common factor of x and f?
16
Let h(d) = d**2 + 9*d - 27. Let z be h(9). Let o = z - -19. Calculate the highest common divisor of 14 and o.
14
Let w = 26 - 4. Let a = -12 + w. Suppose 5*f + 2*p + 32 = 122, -4*f = p - 75. Calculate the greatest common divisor of f and a.
10
Let u = 180 + -128. What is the highest common factor of 988 and u?
52
Let l be 1/(-1 + 156/154). Suppose 3*b + 5*t - 87 = t, 2*t = 5*b - 171. What is the highest common divisor of l and b?
11
Suppose 8*j - 297 = 55. Suppose -5*l - u = u - 58, 0 = -4*l - u + j. Suppose 5*v - 2*v = 210. Calculate the highest common divisor of l and v.
10
Let q = 16 - 13. Suppose -q*l - 2*l + 5*d = -100, 4*d = 0. Let s = -69 + 74. Calculate the greatest common divisor of s and l.
5
Suppose -q + 3 - 5 = 0. Let j = -953 - -959. Let s be q/j - (-68)/6. What is the greatest common factor of 11 and s?
11
Let q = -827 - -852. Suppose 0*b - 108 = -2*b - 2*m, -b + 70 = 5*m. What is the greatest common divisor of b and q?
25
Suppose 112 = 5*y - y. Let x be (-1)/4 - (-2947)/y. Suppose s - x = -0*s. What is the highest common factor of 42 and s?
21
Let q(w) = 73*w - 2. Let n be q(3). Let j(y) = y**3 + 15*y**2 + 22*y - 137. Let p be j(-12). What is the highest common divisor of p and n?
31
Let a be (-8386)/(-56) + 1*(-1)/(-4). What is the greatest common factor of 200 and a?
50
Suppose 0 = -4*h + 77 + 99. Suppose -4*m - 2*i = -h, 4*m + i - 4*i - 34 = 0. Calculate the highest common divisor of m and 80.
10
Let c = -22 + 12. Suppose 2*t + 3*v + 163 = 7*t, 5*t + v = 179. Let m be (-2)/(3 + t/c). Calculate the highest common factor of m and 10.
2
Let o be (-3)/9*-9 - 3. Let j(f) = f - 14. Let g(h) = h - 13. Let m(b) = -7*g(b) + 6*j(b). Let i be m(o). Calculate the greatest common divisor of i and 56.
7
Let k = 13 - 3. Let g(z) = -z - 4*z**2 + 5*z**2 + 7 - 13 - 4. Let t be g(-9). Calculate the greatest common factor of k and t.
10
Let n be (2 - (-364)/16) + (-1)/(-4). Let m(p) = -p**2 + 7*p - 7. Let x be m(6). Let a be 528/((-3)/x) - 1. Calculate the greatest common divisor of n and a.
25
Let i = -2 - -3. Let o(h) = h - i - 4*h + h**2 - 2*h. Let c be o(7). Calculate the greatest common divisor of 65 and c.
13
Suppose 8 = -5*o + 4*t, -4*o + 3*t + 2 = 4*t. Suppose 4*n - 11*n + 105 = o. Calculate the greatest common divisor of n and 5.
5
Suppose 2*s + 2*u - 36 = 0, -4*s + 3*u + 32 = -5. Suppose 5*q + 3 = -a - 11, -s = -4*a + 3*q. Calculate the highest common divisor of 3 and a.
1
Let n(r) be the third derivative of 8*r**6/15 + r**5/30 - r**4/12 + r**3/6 + 7*r**2. Let m be n(1). Calculate the greatest common factor of 13 and m.
13
Let g be (-18)/27 - 31/3. Let d be (220/g)/((-4)/6). Let u be 1/((0 + 3)/d). What is the greatest common divisor of u and 2?
2
Let s = 2521 + -2517. What is the greatest common factor of 51 and s?
1
Suppose 0 = 4*o - 3*c - 99, -4*c + 2*c + 11 = o. Let f be (-2 + 0)*(-2)/(-4). Let v be f*(o*3)/(-3). Calculate the highest common divisor of v and 3.
3
Suppose -4*z + 3*w + 27 = 0, 5*z + 6*w - w = 25. Let c be (-5698)/z + (-2)/6. Let n be c/(-40) + (-2)/(-8). Calculate the greatest common divisor of n and 6.
6
Let d = -23 - -24. Let o = d - -4. Calculate the greatest common divisor of o and 20.
5
Let h(v) = -v + 39. Let b be h(0). Let y = b - 22. What is the highest common divisor of 68 and y?
17
Suppose -6*n = -3*n - 45. Let f = 52 + -78. Let r = f - -71. Calculate the highest common factor of n and r.
15
Let z = -1806 + 2048. Calculate the greatest common divisor of 6 and z.
2
Let y be (-330)/70 + 7 + 2/(-7). Calculate the highest common divisor of 54 and y.
2
Suppose 4 = -5*q + 3*u, 4*q - 2*q - 4 = 4*u. Let o be (-19)/38 + -2 + (-15)/q. Let c be 77/3 + (-2)/3. What is the greatest common divisor of o and c?
5
Suppose 3*d + 2*d + 4*l - 108 = 0, -5*l = 3*d - 57. Let n = -27 - -40. Let s(q) = -q**2 + 13*q + 8. Let g be s(n). What is the highest common factor of d and g?
8
Suppose -2*m = 3*m - 280. Suppose 0 = -5*f - 1 - 9. Let w be 12 - 1 - ((-10)/f - 2). What is the highest common divisor of m and w?
8
Suppose 92*y - 6615 = 43*y. What is the greatest common divisor of 21 and y?
3
Let x be -5*(36/15)/(-6). Suppose -4*o - 3*n + 22 = 0, -4*n + n + 14 = x*o. What is the highest common divisor of o and 6?
2
Let b(d) = 59*d + 712. Let s be b(-7). What is the greatest common divisor of 138 and s?
23
Let g(z) = -z**3 + 8*z**2 - 4. Let v(q) = q - 1. Let x(t) = -g(t) - 6*v(t). Let s be x(9). Calculate the greatest common divisor of 37 and s.
37
Let l be (-938)/(-42) - 1/3. Suppose -l*x + 23*x - 60 = 0. Calculate the highest common factor of 24 and x.
12
Let i(q) = -6*q - 10. Let f be i(-10). Suppose f = 2*c + 3*c. Let h be 124/c + 4/(-10). What is the greatest common factor of 48 and h?
12
Suppose 8*w = 22*w - 1666. Calculate the highest common divisor of 7 and w.
7
Suppose -8 = -f + 6. Let v be ((-12)/f)/(1/(-42)). Calculate the greatest common factor of 18 and v.
18
Suppose -3*s + 11*d - 10*d = -1003, 0 = 3*s - 2*d - 998. Calculate the greatest common factor of 144 and s.
48
Suppose -554 = -16*y - 42. Calculate the greatest common divisor of y and 48.
16
Let v(b) = -b - 16. Let g be v(-21). Suppose -5*k - g = 0, 86 = 3*y - 3*k - 139. What is the greatest common divisor of 185 and y?
37
Let q be (((-18)/4)/(-3))/((-17)/34). Let c be (10 - -3) + 0 + q + 2. Let i be 7 + -2 + (-2)/(-2). What is the highest common divisor of c and i?
6
Let c(y) = 89*y + 4. Let w be c(4). Let h be w/25*20/6. Suppose -3*v = v - h. Calculate the greatest common divisor of 12 and v.
12
Let r = 24 + -12. Suppose 3*k = 4 + 11, 72 = 4*o + 4*k. Suppose o + 5 = m. Calculate the highest common divisor of r and m.
6
Suppose -j + 297 = 2*x, 0 = 43*x - 39*x - 3*j - 589. Calculate the highest common divisor of x and 814.
74
Let l(y) = -y. Let b be l(-15). Suppose 224 = 22*o - b*o. Suppose -2*v + 3*v - 16 = 0. What is the highest common factor of o and v?
16
Suppose -5 = 2*c - 3*c. Suppose c*y + 42 = 3*d, 0*d - 5*y = d + 6. Let u = 946 - 847. Calculate the greatest common factor of d and u.
9
Let t be 2/3 - 29/3. Let q = t - -11. Suppose q*x - 10 = 4*v, 0 = -9*v + 4*v - 10. What is the greatest common factor of x and 11?
1
Suppose 0 = v + 4*p - 3, -2*v + 6 = p - 7. Suppose 195 + 1 = v*w. What is the greatest common divisor of 14 and w?
14
Let m(c) = 6 - 2 + 4*c + 0 + c**2. Let g be m(-5). Let u be ((-81)/(-36))/(30/(-16) - -2). What is the greatest common divisor of u and g?
9
Let u = 9 + -85. Let s = -51 - u. What is the highest common factor of 5 and s?
5
Let g = 531 - 524. Calculate the greatest common divisor of g and 21.
7
Let f(l) = -4*l**3 - 3*l + 3. Let s be f(1). Let q = 11 + s. Calculate the greatest common factor of q and 63.
7
Let u = -27 + 28. Let q(i) = 16*i**2 - 1. Let y be q(u). Calculate the greatest common factor of y and 6.
3
Let t be (-2097)/12 + 2/(-8). Let k = 385 + t. Let n be 30 - 0/(4/(-2)). Calculate the greatest common factor of k and n.
30
Let i(j) = 7*j**2 - 3*j + 22. Let w be i(7). Calculate the greatest common factor of 43 and w.
43
Let l be ((-945)/(-6))/9*(-16)/(-10). Suppose -12*h - l = -14*h. Calculate the highest common divisor of h and 14.
14
Suppose -11*z + 4 = -10*z. Suppose z*w - 91 = 657. Calculate the greatest common divisor of 17 and w.
17
Let h = -451 + 498. Calculate the highest common divisor of 517 and h.
47
Suppose -q = 11 + 5. Let g(m) = -m**3 - 17*m**2 - 23*m + 13. Let k be g(q). What is the highest common divisor of 25 and k?
25
Let a = -76 - -78. Suppose -d - 4*m = a*d - 82, -3*d + 5*m + 100 = 0. What is the greatest common factor of d and 12?
6
Let t be -2*(3 - 2) - 1. Let l = t - -7. Suppose 0 = j - l*j + 66. Calculate the highest common factor of j and 22.
22
Let j(o) = o**2 - 17*o + 76. Let l be j(8). Calculate the highest common divisor of l and 9.
1
Suppose 3*i + 56 = t, t = -0*t - 5*i + 24. Let j be (-1)/(-4) - (-526)/8. Calculate the greatest common factor of t and j.
22
Let o(n) = 6*n**2 + n - 1. Let g be o(-1). Suppose 5*c + 3*y - 206 = -24, 0 = -2*c + g*y + 52. Calculate the greatest common factor of c and 238.
34